pose 4*s = o*s + 5. What is the units digit of s?
5
Let n(y) be the first derivative of 1 - 6*y + 3*y - y**2 - 6*y. What is the units digit of n(-7)?
5
Let s = -18 + 9. Let d(l) = -l**3 - 10*l**2 - 9*l + 10. What is the tens digit of d(s)?
1
Suppose -4*p + 173 + 91 = 0. What is the units digit of p?
6
What is the tens digit of 6/(-15) + (-2 - 2361/(-15))?
5
Let i(a) = 2*a**3 - a**2 - a + 1. Let u be i(1). Let j be u + 0 - (4 + -2). What is the units digit of (2/(-6))/(j/9)?
3
Let v = -5 + -6. Let c = v + 28. What is the tens digit of c?
1
What is the tens digit of ((-3)/(-5))/((-5)/(-275))?
3
Let c = 24 - -21. Let h = c + -30. What is the units digit of h?
5
Let o(x) = -5*x - 42. What is the units digit of o(-22)?
8
Let j = 80 + -54. What is the units digit of j?
6
Suppose 0 = 2*x + 4*v - 52, 3*x - 4*x + 5*v + 54 = 0. What is the units digit of x?
4
Let t = 3 - 9. Let r(n) = -n**3 - 7*n**2 - 8*n - 5. What is the units digit of r(t)?
7
Suppose -3*f + 2*f + 30 = 0. Suppose 3*o - 5*a = -2*o + f, a = -1. What is the units digit of o?
5
Let a be (3/(-9))/((-4)/(-12)). Let o be ((-9)/(-6))/a*4. What is the tens digit of o/2 + 3 - -13?
1
Let y be 2/4*(4 - -10). Suppose 2*i = y*i - 50. Suppose 0 = -u + 30 - i. What is the units digit of u?
0
Suppose 0 = -3*h + 7 + 2. Suppose 4*q - 4 = 2*k, 0 = q + 2*k - h*k. What is the units digit of q/3 - 95/(-15)?
7
Suppose 4*d + 0*z - 294 = -3*z, 2*z + 229 = 3*d. What is the units digit of d?
5
Suppose 56 = 3*j + 5*w, 3*j - 2*w - 9 - 19 = 0. Suppose j = 4*h - 8. What is the units digit of h?
5
What is the tens digit of ((-168)/14)/((-2)/9)?
5
Let q(b) = b**2 + 7. What is the tens digit of q(-10)?
0
Suppose 8 = 2*r - 0*r. Suppose -4 = y - 5*x + x, x - 18 = -r*y. What is the units digit of y?
4
Suppose -5*a - 2*k = -1395, 9*k - 10*k - 272 = -a. What is the tens digit of a?
7
Let z = 68 + 92. What is the units digit of z?
0
Let n be 4*(1 + 2/(-8)). Suppose -n*r = -r. Suppose -6*u + 2*u + 12 = r. What is the units digit of u?
3
Let a(z) = -z**2 - 10*z - 7. Suppose -4*m - 17 = 19. Let h be a(m). What is the units digit of h - (-1 + 0 + 0)?
3
What is the units digit of (-3844)/(-16) - (-2 - 18/(-8))?
0
What is the units digit of 10/(-15)*114*-1?
6
Let s = 4 - 1. Let d(m) = -8 - s*m + 12 + 0*m + 2*m + 2*m**2. What is the tens digit of d(3)?
1
Suppose -3*s + 0*t + 6 = 3*t, -5*t + 5 = 0. What is the units digit of (-275)/(-15) + s/(-3)?
8
What is the units digit of ((-4)/(-8))/(3/924)?
4
Let y = 5 + -4. Let r be (4/(-8))/(y/16). Let j = r + 17. What is the units digit of j?
9
Let z be 1 + (29 - 8/(-4)). Let o = 51 - z. What is the units digit of o?
9
Let k(o) = 14*o + 4. Let p be k(4). Let v = -33 + p. What is the tens digit of v?
2
What is the tens digit of (-3 - -4) + (58 - 5)?
5
Let a be ((-112)/10)/(4/(-20)). Suppose -h + a = h. What is the units digit of h?
8
Let a(f) = 41*f**3 + f**2 - f. What is the tens digit of a(1)?
4
Let o(t) = t**3 - 5*t**2 - 6*t + 7. What is the units digit of o(6)?
7
Suppose 0 = 5*o + 10, -i + 7 = -3*o - 4. Let y be 8/(-3)*(-18)/8. Suppose 0 = -d + i + y. What is the tens digit of d?
1
Let h(k) = -k**2 - 5*k + 3. Suppose b + 2 = -3*p - 10, -2*p - 16 = -2*b. What is the units digit of h(p)?
3
Let v = -7 - -9. What is the units digit of v?
2
Let k = -13 + 21. Let m(a) = -a**3 - a**2 + a - 1. Let x(g) = -g**3 - 9*g**2 - 7*g + 2. Let f(b) = 2*m(b) - x(b). What is the units digit of f(k)?
4
Suppose 39 = 5*x + 2*v + 2*v, -x - v = -8. Let i(s) = s - 2*s + 2*s - x*s**3. What is the units digit of i(-1)?
6
Suppose 4*m = w + 6, 4*w - 33 = -2*m - 3. Suppose -w = d - 4*d. What is the units digit of 12/18 + d/6?
1
Let y be (2/(-3))/(1/(-63)). Let l = y + -28. What is the units digit of l?
4
Let v = 0 - -2. What is the units digit of v?
2
Suppose -3143 = 15*g - 9023. What is the hundreds digit of g?
3
Suppose -75 = -3*s - 15. What is the tens digit of s?
2
What is the tens digit of (0 - 3/(-12)) + 1554/24?
6
Let i(p) be the first derivative of p**2 - 9*p - 1. What is the tens digit of i(10)?
1
Let j = 2 + 1. Let i be 2/(-3) - 68/(-12). Suppose j*v = i*v - 36. What is the tens digit of v?
1
Let l(b) be the third derivative of b**9/8640 + b**6/720 + b**5/60 - b**2. Let z(m) be the third derivative of l(m). What is the units digit of z(1)?
8
Suppose 0 = -3*r + 7 - 1. Suppose l + r*s - 100 = -3*l, 0 = 4*l + s - 100. What is the tens digit of l?
2
Let u(m) = -m**2 + 7*m - 7. Let f be u(5). Suppose h - 3 = 0, f*j - 5*j - 3*h = -19. Suppose 21 - 101 = -j*c. What is the tens digit of c?
1
Suppose -4*q - 4 + 0 = 0. Let l be (0 + q)/(0 + 1). What is the units digit of (-2 - (l + -2)) + 3?
4
Suppose 3*o = -4*i - 14 - 4, -o + 4*i - 22 = 0. Let f = o - -41. Suppose -2*u - 4*s + 4 + 0 = 0, 5*s = 2*u - f. What is the units digit of u?
8
Let l(u) = -u**3 + 14*u**2 + 15*u + 1. What is the units digit of l(15)?
1
Suppose 2*r = -5*c - 2*r + 58, 0 = 4*c - r - 38. What is the units digit of c?
0
Suppose 4*n = -7 + 19. What is the units digit of n?
3
Let i(p) = 2*p**2 + 6*p + 6. Let u be i(-2). What is the tens digit of (u/14 - 1)*-42?
3
Let g(a) be the second derivative of a**5/20 + 5*a**4/12 - 5*a**3/6 + 3*a**2/2 + a. Let t be g(-6). What is the units digit of -1 - t - 1 - -7?
8
What is the units digit of (4/(-6))/((-1)/6)?
4
Suppose 73 = 3*m + 2*q, -3*q + 40 = 5*m - 80. What is the tens digit of m?
2
Suppose p - 12 = -2*t, 12 = -0*t + 4*t - 4*p. What is the units digit of (4 - t)/(1/(-15))?
5
Suppose 5*n - 17 = 43. What is the tens digit of n?
1
Let p = 22 - 15. What is the units digit of -7 + p - 1*-2?
2
Suppose -4*d + 9 + 93 = 2*p, 204 = 4*p + 4*d. What is the units digit of p?
1
Suppose 6 = 4*h - 5*x, 0*h - 3*h - 4*x + 20 = 0. Suppose 0 = -0*o + o + 4*s + h, 0 = o + 3*s + 9. What is the tens digit of (o/14)/((-3)/21)?
1
Let q(o) = 8*o - 1. What is the units digit of q(4)?
1
Let z(h) = -h**3 + 4*h**2 + 5*h + 5. What is the units digit of z(5)?
5
Let a = 21 + 158. What is the units digit of a?
9
Let d = -14 + 8. Let u(n) = n**2 + 5*n + 9. What is the tens digit of u(d)?
1
Let w(r) = r**3 - 7*r**2 - 7*r - 4. Let i be w(8). Suppose 6*t - 14 = i*t. Suppose 4*h - t = q + 42, q - 50 = -5*h. What is the tens digit of h?
1
What is the tens digit of (5 + -11)*2*-5?
6
Let l be 0 + 3 + -1 + 0. What is the units digit of (-2)/(l/(-13) + 0)?
3
Let x(o) = -o**3 + 5*o**2 - 4*o + 2. Let y be x(4). Suppose 3*m - y*p - 3*p - 79 = 0, -p = 5. What is the tens digit of m?
1
Let o(f) = -f**2 - f + 4. Let r(k) = -2*k**2 - k + 8. Let x(v) = -13*o(v) + 6*r(v). What is the units digit of x(-8)?
4
Suppose 0 = 5*c + r - 85, -2*c = -r + 12 - 46. Let f = -12 + c. What is the units digit of f - 4/(-2)*1?
7
Let h be 6/7*(8 + 6). Let m = -9 - -15. Let j = h - m. What is the units digit of j?
6
Let c be 4/((-12)/(-15))*-1. Let n(r) = -r**2 - 8*r - 6. What is the units digit of n(c)?
9
Suppose 4*v = 4*k - 56, k - 5*v = 3*k - 42. Let o = k - -6. What is the units digit of o?
2
Let s(t) = -t**3 + 6*t**2 - 5*t - 3. Let o = 7 - 12. Let n = o - -9. What is the units digit of s(n)?
9
Suppose 0 = -2*o + 3*m + 24, -3*o + 3*m = -0*o - 33. Suppose 0 = -2*g - g - 2*q + 9, -o = -3*g + q. Suppose 5 = -2*t + g*t. What is the units digit of t?
5
Let u(m) = 16*m**2. Suppose 3*f = 1 + 2. What is the units digit of u(f)?
6
Suppose 5*u + g = 15, 4*g = 3*g. Suppose -4*w = -u*t + 4*t - 23, 0 = 2*w - 8. Suppose 2*m - t*m + 5 = 0. What is the units digit of m?
1
Let o = 1 + -1. Suppose 0*c + 3*c + 2*z = -15, -5*c - 5*z - 20 = o. Let b = c + 12. What is the units digit of b?
5
Let v(t) = -t**3 + 5*t**2 - 6*t - 14. What is the hundreds digit of v(-4)?
1
Let b be 22*(0 + 6/4). Let v = b - 23. What is the units digit of v?
0
Suppose -5*s - 5*j + 60 = -0*j, -j = -4. Suppose 2*v - 4*r = v - s, 3*v - 5*r + 3 = 0. What is the units digit of v?
4
Suppose -662 = -4*d + 5*r, -5*r = 5*d - 3*r - 811. What is the hundreds digit of d?
1
Suppose -267 - 108 = -5*h. What is the tens digit of h?
7
Let k = 14 + -12. What is the tens digit of ((-52)/(-8))/(k/4)?
1
Let d be 558/16 - (-3)/24. Let v = -23 + d. What is the units digit of v?
2
Suppose -b = -5*x - 420, x - b - 345 = 5*x. Let l be (-1 + x)/((-12)/(-18)). What is the tens digit of (-1)/3 + l/(-9)?
1
Let l(g) = g**2 - 3*g - 3. Let k be l